 r + 20. What is the greatest common factor of r and k?
4
Let g be -3 + -2 + (1 - (-54)/3). Let k be (-1)/6 - (-169)/6. Calculate the highest common factor of k and g.
14
Let l = 201 + 21. Let u(y) = y**2 + 5*y + 4. Let q be u(-5). Suppose -b - k + 60 = q*k, -3*b + l = k. What is the greatest common divisor of b and 30?
15
Suppose 123*d - 78*d - 1035 = 0. What is the greatest common factor of 575 and d?
23
Suppose 4*f - 42 - 66 = 0. Calculate the highest common factor of f and 45.
9
Let y = 31 - 52. Let n = -8 - y. Let j = 14 + n. Calculate the greatest common divisor of 81 and j.
27
Suppose -141*x + 131*x = -1480. Calculate the greatest common factor of 185 and x.
37
Suppose -9*j - 63 = -2*j. Let s = 20 + j. Let h(b) = b**2 + 5*b - 3. Let w be h(-7). What is the highest common factor of s and w?
11
Suppose -561*m + 557*m + 448 = 0. Calculate the greatest common factor of 56 and m.
56
Suppose r - 1 = 0, 28*h - 2*r = 24*h + 590. Let o = 98 + -61. Calculate the highest common factor of o and h.
37
Let m = 19 - 10. Let f be -108*((-102)/12 - (-4 + -4)). What is the highest common divisor of m and f?
9
Suppose 260 = -5*t + 5*k, k - 221 = 4*t - 19. Let f = t + 54. Calculate the greatest common divisor of 10 and f.
2
Let f be 2 + -2 + -2 + 6. Suppose -3*z + v + 47 = -50, -f*v = -8. Suppose -z = -p - 5*y, -3*y + 33 = 3*p - 42. Calculate the highest common divisor of 46 and p.
23
Let n = -14 + 38. Let f = 6 + 1. Suppose f*m - 3*m - 12 = 0. Calculate the highest common factor of m and n.
3
Let s be (63/6)/(12/128). What is the highest common factor of 182 and s?
14
Suppose 0 = 7*g - 8*g + 303. Suppose i - g = -96. Calculate the highest common factor of 23 and i.
23
Let w be 1*(-4 - -26)*(-1 + 2). Suppose -3*l - 653 = -5*z - 91, 5*l + 240 = 2*z. What is the highest common factor of z and w?
22
Let w(f) = f**3 - 16*f**2 + f + 2. Let g be w(16). Let q = 1 + 26. What is the highest common factor of g and q?
9
Suppose -5*b + 0*j + 172 = -4*j, 4*b - 2*j - 140 = 0. Suppose 0 = 16*f - 12*f - 108. What is the greatest common divisor of f and b?
9
Let t = 306 - 123. Suppose -2*l + 67 + t = 0. Calculate the highest common factor of 50 and l.
25
Let c(d) = -3*d**2 + 4*d**2 - 18*d + 0 - 1. Suppose q - 1 = 18. Let z be c(q). What is the highest common divisor of z and 45?
9
Let m = -5 - -29. Let z(y) = y**2 - y. Let l be z(0). Suppose -16 = -2*n - l*n. Calculate the greatest common divisor of n and m.
8
Let n(v) = -v + 32. Let w be n(11). What is the greatest common factor of w and 12?
3
Let o be ((-180)/(-6))/(-7 + 10). Suppose -r - 20 = -5*r. Calculate the greatest common factor of o and r.
5
Suppose -174*a + 360 = -172*a. Calculate the highest common factor of 40 and a.
20
Let p be ((-1)/(-8))/((-3)/(-24)). Suppose -r = 1, -t - 3*r + 11 = -r. Let q be -10 + t + 82/p. Calculate the greatest common factor of q and 34.
17
Let r = 13 + -10. Suppose r*y + 5*z - 31 = 0, 0 = -y + 4*z - 0 - 1. What is the highest common factor of 49 and y?
7
Let w(l) = -13*l - 4. Let d be w(5). Let a = d + 97. Calculate the highest common divisor of a and 35.
7
Let h be 10*((-28)/(-8) - 3). Suppose 0 = -h*y, 20 = 4*u - 2*y - y. Suppose 639 = u*a - 396. Calculate the highest common factor of 23 and a.
23
Let f be -25*(9 + (-240)/25). Suppose 3*l = -2*l + 3*g + 10, -2*l = 5*g - 35. What is the highest common divisor of f and l?
5
Let g(l) = l**2 + 35*l - 239. Let p be g(6). Calculate the greatest common divisor of p and 5.
1
Let t(f) = 99*f + 1. Let l(s) = -s**2 - 5*s - 5. Let m be l(-3). Let p be t(m). What is the highest common divisor of p and 25?
25
Suppose 0 = -4*h + 5*t + 135, h + 3*t = -0*t + 21. Let a be ((-10)/3)/(((-4)/h)/1). Calculate the highest common factor of 25 and a.
25
Let g(w) = 206*w**2 + 2*w. Let k be g(1). What is the highest common divisor of 13 and k?
13
Suppose 0 = -2*s + 5*k + 102, 4*k - 2*k = 0. Suppose 6*q - s = 3*q. What is the highest common divisor of q and 17?
17
Let x = -94 + 98. Suppose -o + 69 = 5*y, 16 = y + 2*o - x*o. Calculate the greatest common divisor of y and 7.
7
Let f be (-21)/28 - (-2)/(-8). Let w = f - -6. What is the greatest common factor of 2 and w?
1
Let j = -1051 + 2132. What is the greatest common divisor of 46 and j?
23
Let v = 4 - -76. Suppose 48*f - v = 47*f. What is the greatest common divisor of 32 and f?
16
Let h be 92 + 35/(8 - 3). What is the highest common factor of 36 and h?
9
Let l(t) = t**3 + t**2 - 7*t + 13. Let z be l(4). What is the greatest common divisor of 52 and z?
13
Suppose -5*w = d - 24, -3*d + 6*w = w - 72. Suppose -x - 4 = 0, 150*x + 2 = -3*r + 145*x. Calculate the greatest common factor of d and r.
6
Let l(f) = f**2 - 5*f - 75. Let m be l(12). What is the greatest common divisor of m and 144?
9
Suppose 4*t - 5*v = 13 + 79, -t - 5*v - 2 = 0. What is the highest common divisor of t and 396?
18
Let o be (0 - (-9)/2)/(6/40). Let s be (-5)/(-4) + o/40. What is the highest common factor of s and 10?
2
Let g be 1 + (280/5 - (-3)/1). Suppose -g = a - 11*a. Calculate the highest common divisor of 66 and a.
6
Let v = -19 + 23. Let m(w) = 33*w - 11. Let x be m(v). Calculate the highest common factor of x and 11.
11
Let o = -817 + 832. Calculate the highest common factor of o and 40.
5
Suppose -3*t - z = -62, -7*t - 4*z = -2*t - 94. Calculate the greatest common factor of 44 and t.
22
Let y = 114 + -38. Suppose -5*k + 11 = 1, 4*z - 482 = -k. Let r = z - y. Calculate the greatest common divisor of r and 22.
22
Let p = -19 - -15. Let i = 11 - p. Let f = i - 0. What is the greatest common factor of f and 3?
3
Let t = -24 - -267. Calculate the highest common divisor of 9 and t.
9
Suppose -2*n = -0*n. Suppose n*b = -3*b. Suppose -2*p + 409 - 145 = b. What is the greatest common divisor of p and 12?
12
Let r(z) = -80*z - 48. Let h be r(-4). What is the highest common factor of 16 and h?
16
Let d = 11 - 7. Let g(i) = i**2 - 7*i + 16. Let k(p) = p**3 - 3*p**2 - p - 5. Let u be k(4). Let l be g(u). What is the greatest common factor of d and l?
4
Suppose -6*z + 408 = -468. Let k = z + -101. Calculate the highest common factor of 15 and k.
15
Let h(n) = n**2 - 5*n - 3. Let u be h(6). Suppose -u*q - 32 = -104. Suppose -36 + 0 = -g. What is the highest common divisor of g and q?
12
Suppose 13*r = -633 + 1673. Let p = r + -76. What is the highest common factor of p and 1?
1
Let m = -180 + 444. Suppose -3*a + 355 - 91 = -3*q, -3*a - q = -m. Let v = 5 + 6. Calculate the greatest common factor of a and v.
11
Let y = 193 - 175. Let b(i) = 10*i**2 + 1 - 8 - 4 - 9*i - i**3. Let x be b(8). What is the greatest common factor of x and y?
9
Suppose 8 = -3*t - 10. Let k be ((-28)/t)/((-12)/(-216)). What is the greatest common factor of k and 12?
12
Suppose -6 = -2*m + 5*a - 23, 0 = -a + 5. Suppose m*i = 6*i. Suppose -b + 85 = -i*b. What is the greatest common divisor of 34 and b?
17
Let p(j) = -j**3 - 9*j**2 - 17 - 4*j**3 - 7*j + 4*j**3 - 12*j**2. Let z be p(-21). What is the greatest common divisor of 10 and z?
10
Suppose -2*b - 129 = -z - 5*b, -5*z - b = -715. Let c = 6676 - 6660. What is the highest common factor of c and z?
16
Suppose -2*b = 3*b + 5*c - 15125, -5*c = 20. Suppose -15*t + 346 + b = 0. Calculate the highest common factor of t and 9.
9
Let z = -36 - -38. Suppose 0*d = -2*d - 4*p + 70, z*d - 76 = -p. Suppose 7*f + 4*i - 114 = 2*f, 0 = -5*i - 20. What is the highest common factor of d and f?
13
Let q(x) = 15*x**2 + 9*x - 23. Let y be q(2). Calculate the greatest common divisor of 5 and y.
5
Let u(o) = -2*o**2 - 14*o - 4. Let g be u(-7). Let f be (-2 - -6)*(-6)/g. Calculate the highest common divisor of 30 and f.
6
Suppose 14*b - 16*b = 28. Let x = 38 + b. Calculate the highest common divisor of 3 and x.
3
Suppose -11 - 14 = -b. Let p be 14 + 7/2*12/42. What is the greatest common divisor of p and b?
5
Suppose -3*x + 91 + 407 = 0. What is the greatest common factor of 83 and x?
83
Let g = -22 - -24. Let n(h) = h + 12. Let y be n(-6). What is the greatest common factor of y and g?
2
Suppose 4 + 6 = 5*i. Suppose -l + f - 4*f - 4 = 0, -i = f. Suppose 6 + 28 = l*v - 3*c, 3*v - 48 = 3*c. Calculate the highest common factor of v and 112.
14
Let a(d) = -2*d**3 - 32*d**2 - 3*d + 10. Let v be a(-16). What is the greatest common factor of 2